 j be p(n). Calculate the greatest common factor of j and 14.
14
Let o be (120/4)/5 - 2. Calculate the greatest common factor of o and 36.
4
Let v be (-195)/6*16/(-10). Let g = 45 + -32. Calculate the greatest common factor of g and v.
13
Suppose -3*o = o - 3*q - 76, 0 = -3*o + 4*q + 64. Suppose -138 = -g + 2*n, 89 = 2*g + 3*n - 152. What is the greatest common factor of g and o?
16
Let a be 1*3/(3/(-10)). Let f be a/(-65) - (-178)/26. Let n be (14/5)/((-2)/(-10)). What is the greatest common factor of n and f?
7
Let h be ((-2)/4)/(2/(-72)). Let y be 3/1 + 3/(-3). What is the highest common divisor of h and y?
2
Suppose 0 = f - r + 2, -4*r = -f - 7 - 10. Let p be (30/8)/(f/12). Calculate the highest common divisor of 3 and p.
3
Let k = 1 + 2. Let u be (4/(-6))/(k/(-18)). Suppose -u*i = -7*i + 36. What is the greatest common factor of i and 108?
12
Let o(p) = 2*p + 2. Let b be o(6). Suppose 3*y = -3*j + 6, -3*j + y = -7*j + 23. What is the highest common factor of b and j?
7
Let y(b) = -29*b**3 - b**2 + b + 1. Let u be y(-1). Suppose -k + 13 = 2*t - 9, -2*t - 4*k + u = 0. What is the greatest common divisor of 90 and t?
10
Let u(i) = 9*i**2 + i. Let k(b) = b + 4. Let m be k(-5). Let c be u(m). Calculate the highest common factor of 12 and c.
4
Let l(g) = g**3 + 5*g**2 - 2*g. Let i be l(-5). Calculate the highest common divisor of 110 and i.
10
Let w = -8 + 24. Calculate the highest common factor of w and 40.
8
Let i(a) be the third derivative of 25*a**4/24 - a**3 + 4*a**2. Let b be i(3). What is the highest common divisor of b and 46?
23
Let l be (684/24)/(1/2). What is the highest common factor of 38 and l?
19
Let z be (-3)/9 - 86/(-6). Let j = -1 - -3. Suppose -7*m + j*m = -770. What is the greatest common factor of m and z?
14
Let x be (-2 + (-3 - 45))/(-2). Suppose -3*s = 3 + 9. Let g be s/10*(0 - x). Calculate the greatest common factor of 10 and g.
10
Suppose -4*x = 3*x - 77. Let c be (3 - 0) + -2 - -1. Let i be 3/c*(20 - -2). Calculate the greatest common divisor of x and i.
11
Let d = 8 + -5. Suppose -z + d*z - 528 = 0. What is the greatest common divisor of 24 and z?
24
Let p = 40 - 32. Calculate the highest common divisor of p and 88.
8
Let t = -31 - -58. What is the highest common factor of 108 and t?
27
Suppose -2*l - 2*g - 39 = g, -3*l - 2*g - 66 = 0. Let o be ((-2)/(-3))/((-2)/l). Calculate the highest common factor of 16 and o.
8
Let c be -4*((-15)/(-12))/(-5). Calculate the greatest common factor of c and 3.
1
Suppose -9*g = -13*g + 20. What is the highest common factor of g and 15?
5
Suppose -3*c + 5*p + 35 = 0, -4*c - 5*p = -0*c. Let q(d) = 5*d. Let s be q(c). Let n be ((-30)/(-4))/(9/12). Calculate the greatest common divisor of s and n.
5
Suppose 6*z = 2*n + 3*z - 143, -5*n + 352 = -2*z. Calculate the greatest common divisor of 14 and n.
14
Let g be (-28)/(-2*(-3 - -4)). Let m be (-2)/(-5) - 28/(-5). Let s be (7/2)/(3/m). What is the highest common factor of g and s?
7
Let k(b) = -b - 2. Let q be k(-9). Suppose -q*t + 3*t + 46 = 2*s, 0 = -5*t + 4*s + 51. What is the greatest common divisor of t and 1?
1
Suppose -3*b - 4*g + 32 = 0, 5*g - 3*g - 6 = b. Suppose 0*a + 8 = b*a. Let k be a - (2*-53 - 0). Calculate the highest common factor of k and 18.
18
Let z(i) = 6*i - 8. Let v be z(7). Calculate the greatest common factor of v and 34.
34
Suppose 3*k - 92 = -0*l - 5*l, 3*k = -l + 28. Calculate the greatest common factor of l and 64.
16
Let f(x) = 10*x**2 - x - 6. Let r be f(2). Calculate the greatest common divisor of r and 4.
4
Let f = 3 + 5. Calculate the highest common factor of f and 56.
8
Suppose -454 + 170 = -4*q - r, 4*q - 300 = 3*r. Calculate the highest common factor of 9 and q.
9
Let i(r) = -2*r - 20. Let o be i(-17). What is the greatest common factor of o and 70?
14
Let l be 2046/12 - 1/(-2). What is the greatest common factor of 19 and l?
19
Let j(t) = -t**2 - 4*t - 1. Let i be j(-3). Suppose 63 = 3*l - i*l. What is the greatest common divisor of l and 7?
7
Suppose b = -2*r - 3*b - 10, r + b = -6. Let g be 3 + 7/(r/(-2)). What is the highest common factor of g and 5?
5
Let a be 1*(-4 + 1)*-30. Let g = 162 + -152. Calculate the greatest common factor of a and g.
10
Suppose 4*v = -5*x + 34, 2*x - 5*v = 5*x - 23. What is the highest common factor of 6 and x?
6
Let l(k) = k**3 + 6*k**2 + 3. Let h be l(-6). Let a be (-10 + 5 + -4)*-1. Calculate the highest common factor of h and a.
3
Let d(x) = -x**3 - 3*x**2 - 3*x - 2. Let u be d(-2). Suppose 2*s - 89 + 21 = u. Let c be (3/9)/(2/102). What is the greatest common divisor of c and s?
17
Let j(z) = -85*z - 1. Let c be j(-1). Suppose -24 = -q + 2*m, 4*q - 64 = 2*q - 4*m. Let v = q - 16. Calculate the highest common divisor of v and c.
12
Let g(r) = r**3 + 6*r**2 - 7*r + 17. Let q be g(-7). Calculate the highest common divisor of 34 and q.
17
Let u = 16 - 24. Let z be (-3)/(-12) + (-134)/u. What is the highest common factor of z and 68?
17
Suppose -3 = 2*a + 7. Let l = a + 8. What is the greatest common divisor of 21 and l?
3
Let z be 27/(-2)*(-11 - -4 - -3). What is the greatest common factor of z and 81?
27
Suppose -5*u - 22 = -2. Let w be ((-6)/u)/(6/156). Let b(h) = 27*h**2 + 2*h + 1. Let k be b(-1). What is the highest common divisor of w and k?
13
Suppose 3*u - 2 = -17, -51 = -3*y + 3*u. Suppose 4*d - 4 - 48 = -3*p, -p + 44 = -4*d. Calculate the highest common divisor of p and y.
12
Let t be (4 - -12)*3/(-3). Let v = -9 - t. Calculate the highest common factor of v and 56.
7
Let x = -178 - -255. Calculate the highest common factor of x and 7.
7
Let v be (-14 + 1)*(4 + -3). Let h = 18 + v. Suppose h*b - 3 = 3*z, 17 + 0 = 5*z - b. Calculate the highest common factor of z and 4.
4
Let x(p) = 0*p**3 - 6 + 38*p**2 - 8*p - 29*p**2 - p**3. Let r be x(7). What is the highest common divisor of 9 and r?
9
Suppose -21 = -5*q - 11. Calculate the greatest common factor of 2 and q.
2
Let j(l) = 2*l**3 - 4*l**2 + 4*l + 1. Let x be j(4). What is the greatest common divisor of 54 and x?
27
Let i be 3/12 + (-42)/8. Let m(k) = k**2 - 6*k - 3. Let l be m(i). Suppose 0*s + l = 2*s + f, 4 = s - 5*f. What is the highest common factor of 12 and s?
12
Suppose -4*w = w - 20. Let a be 55 - 0*3/(-6). Suppose w*f + 0*f = -3*y + a, 4*f = -4*y + 60. What is the greatest common divisor of 2 and f?
2
Suppose -47 - 57 = -4*p. What is the highest common factor of p and 39?
13
Let t be 6/(-18) + 4/(-6). Let f(h) = -12*h. Let u be f(t). What is the highest common divisor of 8 and u?
4
Let c(x) = -3*x + 5. Let v(j) = -2*j + 6. Let r(i) = -3*c(i) + 4*v(i). Let k be r(0). Calculate the greatest common factor of 63 and k.
9
Let k(r) = 13*r + 9. Let s be k(4). Let p = s - 37. What is the highest common factor of p and 264?
24
Let n be 221 + -1 + 1 - -4. Suppose -6*y + 9*y = n. Calculate the highest common divisor of y and 30.
15
Suppose 0*r = -3*r + 75. What is the highest common divisor of r and 125?
25
Let z be -6*(1 + (-6)/4). Let a = -1 - -5. Suppose 0 = 3*c - 2*c - 4*s - 7, 4*s = a*c - 16. What is the greatest common factor of c and z?
3
Suppose -4*m + g + 10 = 0, 0*m - 2*g = -3*m + 10. Let p be ((-4)/(-5))/(m/80). What is the highest common factor of p and 4?
4
Suppose 0 = -2*g - 10 + 64. Calculate the highest common divisor of 3 and g.
3
Suppose -599 = -9*a - 167. Calculate the highest common factor of 32 and a.
16
Suppose 0 = 2*c - 0 - 8. Suppose c*n + 0*n = 36. What is the highest common factor of n and 9?
9
Let m = 197 - 104. Suppose -m = 2*g + g. Let k = -15 - g. What is the highest common divisor of 4 and k?
4
Let x = 1 - 2. Let m be (2 + x - 2)*-21. Calculate the highest common factor of 147 and m.
21
Suppose 3*l - 887 = 5*c, -l = -c - 153 - 142. Suppose 0 = 4*k - 7*k + l. Let t be (-192)/(-14) - (-2)/7. Calculate the greatest common divisor of k and t.
14
Suppose 0 = -4*q - q + 70. Let g be q/7*(-30)/(-4). What is the highest common divisor of g and 165?
15
Let b(g) = 2*g - 6. Let z be b(5). Let v be (-14)/(-4) + (-2)/z. Suppose -3*y = v - 36. Calculate the greatest common factor of y and 121.
11
Let d be 18/2*4/(-144)*-4. Suppose -c = -2*c - 4, m - 15 = 2*c. Calculate the highest common divisor of d and m.
1
Suppose -3*n + 20 = 2*n. Suppose 5*g - 29 + n = 0. Let q be -22*(2 + g/(-2)). Calc